What is the hundreds digit of 429986?
9
What is the units digit of 5879515?
5
What is the thousands digit of 1601644?
1
What is the tens digit of 34350089?
8
What is the hundreds digit of 5544?
5
What is the tens digit of 334536?
3
What is the millions digit of 1303260?
1
What is the hundreds digit of 2326954?
9
What is the hundreds digit of 2495106?
1
What is the hundreds digit of 798018?
0
What is the ten thousands digit of 15645965?
4
What is the hundreds digit of 12085915?
9
What is the thousands digit of 954900?
4
What is the thousands digit of 1417234?
7
What is the ten thousands digit of 715330?
1
What is the thousands digit of 504488?
4
What is the hundred thousands digit of 9009648?
0
What is the thousands digit of 450328?
0
What is the units digit of 589831?
1
What is the ten thousands digit of 22305394?
0
What is the hundreds digit of 8377738?
7
What is the ten thousands digit of 264867?
6
What is the tens digit of 10243732?
3
What is the units digit of 878229?
9
What is the hundreds digit of 705402?
4
What is the hundred thousands digit of 3606992?
6
What is the ten thousands digit of 6544788?
4
What is the ten millions digit of 14692647?
1
What is the thousands digit of 851127?
1
What is the units digit of 3047176?
6
What is the units digit of 679449?
9
What is the units digit of 53395?
5
What is the tens digit of 252949?
4
What is the tens digit of 424476?
7
What is the units digit of 5396242?
2
What is the millions digit of 5397764?
5
What is the thousands digit of 2207388?
7
What is the ten thousands digit of 81888?
8
What is the hundreds digit of 168499?
4
What is the units digit of 1620176?
6
What is the units digit of 7882858?
8
What is the ten thousands digit of 1310237?
1
What is the hundred thousands digit of 108451?
1
What is the tens digit of 990254?
5
What is the thousands digit of 1291106?
1
What is the tens digit of 8021?
2
What is the hundred thousands digit of 10288497?
2
What is the hundred thousands digit of 1678245?
6
What is the hundreds digit of 250341?
3
What is the ten millions digit of 30967717?
3
What is the ten thousands digit of 554519?
5
What is the ten thousands digit of 11358428?
5
What is the hundreds digit of 1971452?
4
What is the hundred thousands digit of 107048?
1
What is the units digit of 60631?
1
What is the units digit of 435609?
9
What is the hundreds digit of 935115?
1
What is the hundred thousands digit of 7925102?
9
What is the ten thousands digit of 47581?
4
What is the ten millions digit of 27505130?
2
What is the tens digit of 1769980?
8
What is the hundreds digit of 27315?
3
What is the millions digit of 1392696?
1
What is the thousands digit of 1091840?
1
What is the tens digit of 710172?
7
What is the hundred thousands digit of 848439?
8
What is the hundreds digit of 436363?
3
What is the ten thousands digit of 2851926?
5
What is the thousands digit of 2245725?
5
What is the units digit of 337845?
5
What is the hundred thousands digit of 2561578?
5
What is the units digit of 559597?
7
What is the units digit of 37214183?
3
What is the hundreds digit of 268468?
4
What is the ten thousands digit of 2181801?
8
What is the tens digit of 779679?
7
What is the millions digit of 1466715?
1
What is the units digit of 202429?
9
What is the units digit of 194785?
5
What is the units digit of 4418206?
6
What is the units digit of 7771747?
7
What is the ten thousands digit of 34571423?
7
What is the thousands digit of 5538019?
8
What is the millions digit of 3702234?
3
What is the ten thousands digit of 1031411?
3
What is the tens digit of 279563?
6
What is the tens digit of 23794944?
4
What is the ten thousands digit of 3101113?
0
What is the ten thousands digit of 42800?
4
What is the hundreds digit of 11595062?
0
What is the hundreds digit of 111502?
5
What is the units digit of 696214?
4
What is the tens digit of 63471?
7
What is the thousands digit of 11452621?
2
What is the millions digit of 2561498?
2
What is the tens digit of 7858829?
2
What is the hundreds digit of 265458?
4
What is the hundred thousands digit of 189786?
1
What is the millions digit of 3071374?
3
What is the ten thousands digit of 395925?
9
What is the units digit of 21647?
7
What is the ten thousands digit of 1706773?
0
What is the ten millions digit of 26779733?
2
What is the millions digit of 10211438?
0
What is the units digit of 9249716?
6
What is the thousands digit of 530048?
0
What is the thousands digit of 378982?
8
What is the tens digit of 69288?
8
What is the ten thousands digit of 9792501?
9
What is the hundred thousands digit of 553574?
5
What is the thousands digit of 189163?
9
What is the units digit of 4669983?
3
What is the hundreds digit of 2988860?
8
What is the tens digit of 6603577?
7
What is the hundred thousands digit of 7015202?
0
What is the millions digit of 7322647?
7
What is the hundreds digit of 246151?
1
What is the hundreds digit of 2011?
0
What is the tens digit of 973944?
4
What is the thousands digit of 220721?
0
What is the thousands digit of 74896?
4
What is the ten thousands digit of 221642?
2
What is the ten thousands digit of 311059?
1
What is the tens digit of 848068?
6
What is the hundreds digit of 1919973?
9
What is the ten thousands digit of 505373?
0
What is the hundreds digit of 448171?
1
What is the thousands digit of 83726?
3
What is the hundred thousands digit of 329918?
3
What is the units digit of 2566649?
9
What is the hundred thousands digit of 942478?
9
What is the ten thousands digit of 1610697?
1
What is the thousands digit of 4638251?
8
What is the hundreds digit of 448408?
4
What is the thousands digit of 36537?
6
What is the thousands digit of 232940?
2
What is the tens digit of 4018067?
6
What is the ten thousands digit of 1131606?
3
What is the hundred thousands digit of 595882?
5
What is the thousands digit of 3244072?
4
What is the units digit of 154863?
3
What is the tens digit of 719985?
8
What is the hundred thousands digit of 8205536?
2
What is the units digit of 2308891?
1
What is the millions digit of 16460483?
6
What is the hundred thousands digit of 411383?
4
What is the tens digit of 2524981?
8
What is the hundred thousands digit of 3808086?
8
What is the hundreds digit of 128047?
0
What is the ten thousands digit of 1129306?
2
What is the millions digit of 1572593?
1
What is the thousands digit of 612149?
2
What is the units digit of 916169?
9
What is the millions digit of 17339476?
7
What is the hundred thousands digit of 978158?
9
What is the thousands digit of 11547448?
7
What is the thousands digit of 357326?
7
What is the tens digit of 22196695?
9
What is the hundreds digit of 4974670?
6
What is the thousands digit of 749315?
9
What is the tens digit of 151363?
6
What is the hundreds digit of 1846052?
0
What is the hundreds digit of 3616325?
3
What is the thousands digit of 1124242?
4
What is the tens digit of 206372?
7
What is the tens digit of 5213850?
5
What is the ten thousands digit of 1468281?
6
What is the units digit of 131286?
6
What is the hundreds digit of 9581619?
6
What is the ten thousands digit of 10061248?
6
What is the thousands digit of 449572?
9
What is the units digit of 1248616?
6
What is the ten thousands digit of 1769715?
6
What is the thousands digit of 1361435?
1
What is the hundred thousands digit of 358339?
3
What is the hundreds digit of 362934?
9
What is the millions digit of 3139273?
3
What is the hundreds digit of 4239124?
1
What is the hundreds digit of 790651?
6
What is the thousands digit of 7683043?
3
What is the hundred thousands digit of 150776?
1
What is the ten thousands digit of 4896858?
9
What is the tens digit of 2951617?
1
What is the ten millions digit of 10876389?
1
What is the millions digit of 2073979?
2
What is the ten thousands digit of 75416?
7
What is the ten thousands digit of 278583?
7
What is the ten thousands digit of 9742838?
4
What is the millions digit of 1983696?
1
What is the thousands digit of 2713803?
3
What is the tens digit of 8841552?
5
What is the tens digit of 42412?
1
What is the tens digit of 2392370?
7
What is the millions digit of 5856064?
5
What is the units digit of 424514?
4
What is the hundreds digit of 7936229?
2
What is the hundreds digit of 28315601?
6
What is